divisor of 533004 and 276.
12
Calculate the greatest common divisor of 179474 and 190.
38
What is the highest common factor of 594755 and 455?
35
Calculate the highest common factor of 19 and 18129.
1
Calculate the highest common divisor of 30394 and 130.
26
What is the highest common divisor of 103493 and 247?
247
What is the greatest common factor of 95 and 155005?
5
Calculate the highest common divisor of 4 and 3097.
1
Calculate the highest common divisor of 20880 and 260.
20
Calculate the highest common factor of 66 and 2015024.
22
Calculate the greatest common divisor of 1192 and 1864.
8
Calculate the highest common factor of 15 and 683367.
3
What is the greatest common divisor of 786522 and 51?
51
What is the highest common factor of 4437 and 7047?
261
Calculate the greatest common factor of 1056 and 4686.
66
Calculate the greatest common divisor of 1245 and 6.
3
Calculate the highest common divisor of 219055 and 89745.
965
What is the highest common divisor of 10309938 and 356?
178
What is the highest common divisor of 8657 and 44?
11
Calculate the greatest common factor of 5865318 and 94.
94
What is the greatest common divisor of 511966 and 21?
7
Calculate the greatest common factor of 301 and 27133.
43
Calculate the greatest common divisor of 546 and 223860.
546
Calculate the highest common divisor of 196 and 8636.
4
Calculate the greatest common divisor of 52325 and 62468.
161
What is the highest common factor of 201 and 23718?
201
What is the greatest common divisor of 19601 and 289?
17
What is the highest common factor of 524316 and 546?
78
What is the greatest common factor of 517 and 22889?
47
Calculate the greatest common factor of 2329365 and 15.
15
Calculate the highest common divisor of 357 and 1286679.
51
What is the greatest common factor of 2638 and 16?
2
What is the highest common divisor of 256 and 704896?
128
What is the greatest common factor of 5695 and 1785?
85
What is the greatest common divisor of 17952 and 469557?
561
What is the greatest common divisor of 32 and 17656?
8
What is the greatest common factor of 3522015 and 1890?
945
What is the greatest common factor of 170 and 14365?
85
What is the greatest common divisor of 123348 and 285?
57
Calculate the highest common divisor of 75 and 29500.
25
Calculate the highest common factor of 878160 and 240.
240
Calculate the greatest common factor of 16181 and 22.
11
What is the highest common divisor of 732 and 4345518?
366
Calculate the highest common divisor of 33948 and 41814.
414
What is the greatest common factor of 68 and 11356?
68
What is the greatest common factor of 525 and 8421?
21
Calculate the highest common factor of 7849 and 893.
47
What is the greatest common divisor of 135968 and 203?
7
What is the greatest common divisor of 1610040 and 96?
24
What is the highest common divisor of 115536 and 464?
464
Calculate the highest common factor of 88 and 100096.
8
What is the greatest common factor of 1000 and 3?
1
What is the greatest common divisor of 74801 and 1179?
131
Calculate the greatest common divisor of 1815 and 2377287.
363
What is the greatest common divisor of 1015911 and 38?
19
Calculate the greatest common factor of 12376 and 518336.
728
Calculate the highest common divisor of 37324 and 2537.
43
What is the greatest common factor of 9021 and 28923?
93
Calculate the highest common factor of 10 and 15838790.
10
What is the highest common divisor of 1129803 and 153?
51
Calculate the greatest common factor of 761 and 13902709.
761
What is the greatest common divisor of 33579 and 21?
21
What is the highest common factor of 710625 and 375?
375
What is the highest common divisor of 4312 and 152?
8
Calculate the greatest common divisor of 840 and 24.
24
Calculate the highest common divisor of 21720 and 150.
30
What is the greatest common divisor of 1406480 and 15?
5
Calculate the greatest common factor of 150233 and 19.
19
Calculate the greatest common divisor of 946 and 12782.
22
What is the highest common factor of 2351806 and 2110?
422
What is the greatest common factor of 403416 and 702?
234
What is the highest common divisor of 21679 and 14833?
1141
Calculate the greatest common divisor of 193985 and 2255.
55
What is the highest common factor of 60018 and 7?
7
Calculate the highest common divisor of 25041 and 255.
51
Calculate the highest common divisor of 26548 and 8.
4
What is the highest common factor of 182 and 14365?
13
What is the highest common factor of 408174 and 78?
78
What is the greatest common factor of 58396 and 156?
52
What is the greatest common divisor of 72 and 208584?
72
What is the greatest common divisor of 135 and 2517858?
27
What is the highest common factor of 132 and 700788?
132
What is the greatest common factor of 198 and 403282?
22
Calculate the greatest common factor of 2085 and 392397.
417
What is the greatest common divisor of 1258620 and 660?
660
Calculate the greatest common divisor of 42624 and 518.
74
Calculate the highest common factor of 19139 and 1.
1
Calculate the greatest common factor of 2160865 and 2308.
577
What is the greatest common factor of 722372 and 28?
28
What is the greatest common divisor of 18 and 1360440?
18
Calculate the greatest common factor of 170 and 289670.
10
Calculate the greatest common divisor of 22397 and 70.
1
What is the highest common factor of 42 and 4053?
21
What is the greatest common divisor of 90 and 5599260?
90
Calculate the greatest common factor of 20 and 16630.
10
Calculate the greatest common divisor of 8352 and 12731.
29
Calculate the highest common divisor of 1350 and 51550.
50
Calculate the greatest common factor of 165 and 113355.
165
What is the greatest common divisor of 53097 and 264?
33
What is the greatest common divisor of 620 and 135315?
155
What is the greatest common divisor of 111 and 583564?
37
What is the highest common factor of 97 and 300118?
97
What is the greatest common divisor of 263 and 805043?
263
What is the highest common factor of 26168 and 68?
4
What is the highest common divisor of 563096 and 590?
118
Calculate the highest common factor of 24 and 71616.
24
What is the highest common divisor of 1715739 and 1329?
1329
Calculate the greatest common divisor of 125 and 180300.
25
Calculate the highest common divisor of 473 and 177375.
473
Calculate the highest common divisor of 940968 and 36.
36
Calculate the highest common divisor of 82550 and 46150.
650
What is the highest common divisor of 308 and 76769?
77
Calculate the greatest common divisor of 14319 and 69.
3
Calculate the greatest common divisor of 8520 and 300.
60
Calculate the highest common factor of 359278 and 238.
34
Calculate the greatest common factor of 417426 and 232.
58
Calculate the highest common divisor of 2840 and 4280.
40
Calculate the greatest common factor of 1225 and 9655.
5
What is the highest common factor of 4692 and 442?
34
Calculate the greatest common divisor of 4417 and 14.
7
Calculate the greatest common divisor of 13126 and 8.
2
What is the greatest common divisor of 16107 and 252?
21
What is the highest common factor of 21414 and 2322?
258
Calculate the greatest common factor of 135444 and 132.
12
What is the highest common factor of 71664 and 120?
24
What is the greatest common factor of 1808 and 9831?
113
Calculate the greatest common factor of 1905 and 1245.
15
What is the highest common factor of 614608 and 27392?
1712
Calculate the highest common divisor of 38174 and 4.
2
What is the greatest common factor of 3542 and 74536?
154
What is the greatest common divisor of 200 and 1970?
10
Calculate the highest common divisor of 3606382 and 39.
13
Calculate the highest common factor of 1183580 and 13547.
713
What is the highest common divisor of 156 and 34728?
12
What is the greatest common divisor of 91 and 10959?
13
What is the greatest common factor of 4000 and 1580?
20
What is the highest common divisor of 1185528 and 1692?
564
Calculate the greatest common divisor of 64 and 197504.
64
What is the greatest common divisor of 4 and 9364?
4
Calculate the greatest common divisor of 256 and 93568.
128
What is the highest common divisor of 15680 and 16?
16
Calculate the greatest common factor of 33384 and 7800.
312
Calculate the highest common factor of 868 and 